{"id":29,"date":"2020-11-19T11:32:31","date_gmt":"2020-11-19T11:32:31","guid":{"rendered":"https:\/\/www.puertas-cofre.cl\/?page_id=29"},"modified":"2020-11-24T00:27:58","modified_gmt":"2020-11-24T00:27:58","slug":"quienes-somos","status":"publish","type":"page","link":"https:\/\/www.puertas-cofre.cl\/?page_id=29","title":{"rendered":"QUIENES SOMOS"},"content":{"rendered":"\t\t<div data-elementor-type=\"wp-page\" data-elementor-id=\"29\" class=\"elementor elementor-29\" data-elementor-settings=\"[]\">\n\t\t\t\t\t\t<div class=\"elementor-inner\">\n\t\t\t\t\t\t\t<div class=\"elementor-section-wrap\">\n\t\t\t\t\t\t\t<section class=\"elementor-section elementor-top-section elementor-element elementor-element-7b0e95e7 elementor-section-content-middle elementor-section-boxed elementor-section-height-default elementor-section-height-default\" data-id=\"7b0e95e7\" data-element_type=\"section\" data-settings=\"{&quot;background_background&quot;:&quot;classic&quot;}\">\n\t\t\t\t\t\t\t<div class=\"elementor-background-overlay\"><\/div>\n\t\t\t\t\t\t\t<div class=\"elementor-container elementor-column-gap-no\">\n\t\t\t\t\t\t\t<div class=\"elementor-row\">\n\t\t\t\t\t<div class=\"elementor-column elementor-col-100 elementor-top-column elementor-element elementor-element-7a6d54ca\" data-id=\"7a6d54ca\" data-element_type=\"column\">\n\t\t\t<div class=\"elementor-column-wrap elementor-element-populated\">\n\t\t\t\t\t\t\t<div class=\"elementor-widget-wrap\">\n\t\t\t\t\t\t<div class=\"elementor-element elementor-element-40384cb9 elementor-widget elementor-widget-heading\" data-id=\"40384cb9\" data-element_type=\"widget\" data-widget_type=\"heading.default\">\n\t\t\t\t<div class=\"elementor-widget-container\">\n\t\t\t<h4 class=\"elementor-heading-title elementor-size-default\">Qui\u00e9nes Somos<\/h4>\t\t<\/div>\n\t\t\t\t<\/div>\n\t\t\t\t\t\t<\/div>\n\t\t\t\t\t<\/div>\n\t\t<\/div>\n\t\t\t\t\t\t\t\t<\/div>\n\t\t\t\t\t<\/div>\n\t\t<\/section>\n\t\t\t\t<section class=\"elementor-section elementor-top-section elementor-element elementor-element-68b7871b elementor-section-content-middle elementor-section-boxed elementor-section-height-default elementor-section-height-default\" data-id=\"68b7871b\" data-element_type=\"section\" data-settings=\"{&quot;background_background&quot;:&quot;classic&quot;}\">\n\t\t\t\t\t\t<div class=\"elementor-container elementor-column-gap-no\">\n\t\t\t\t\t\t\t<div class=\"elementor-row\">\n\t\t\t\t\t<div class=\"elementor-column elementor-col-50 elementor-top-column elementor-element elementor-element-7178a933\" data-id=\"7178a933\" data-element_type=\"column\">\n\t\t\t<div class=\"elementor-column-wrap elementor-element-populated\">\n\t\t\t\t\t\t\t<div class=\"elementor-widget-wrap\">\n\t\t\t\t\t\t<div class=\"elementor-element elementor-element-3039e609 elementor-widget elementor-widget-text-editor\" data-id=\"3039e609\" data-element_type=\"widget\" data-widget_type=\"text-editor.default\">\n\t\t\t\t<div class=\"elementor-widget-container\">\n\t\t\t\t\t<div class=\"elementor-text-editor elementor-clearfix\"><p>PUERTAS<strong> COFRE<\/strong>\u00a0es una empresa familiar que naci\u00f3 hace tres generaciones produciendo puertas y ventanas de madera con dise\u00f1os y m\u00e9todos productivos que han ido variando en el tiempo, pero manteniendo los conceptos de calidad del trabajo, cumplimiento de los plazos, atenci\u00f3n personalizada a nuestros clientes y servicio de post-venta.\u00a0<\/p><p>Sabemos que las puertas y ventanas de maderas son elementos muy importantes en la calidad de terminaci\u00f3n de una obra, pero especialmente son aquellos que le dan la calidez a un hogar o la distinci\u00f3n de un edificio de mayor connotaci\u00f3n, raz\u00f3n por la cual nos preocupamos de captar la necesidad del cliente, ya sean Propietarios de Vivienda como empresas de Arquitectos o Constructoras.\u00a0<\/p><p>Nuestra planta de producci\u00f3n cuenta con la maquinaria y tecnolog\u00eda adecuada para fabricar las puertas y ventanas seg\u00fan las necesidades que exija el proyecto, pero especialmente se debe destacar la experiencia de nuestro personal el que mantiene esos rasgos de artesano que se requieren para esos proyectos especiales y capacidad productiva para grandes obras.<\/p><p>No importa el tama\u00f1o de la obra o de los elementos requeridos, nuestra empresa est\u00e1 en condiciones de ofrecerles y asesorarles en diversas alternativas de dise\u00f1o, materiales y detalles de fabricaci\u00f3n.\u00a0<\/p><\/div>\n\t\t\t\t<\/div>\n\t\t\t\t<\/div>\n\t\t\t\t\t\t<\/div>\n\t\t\t\t\t<\/div>\n\t\t<\/div>\n\t\t\t\t<div class=\"elementor-column elementor-col-50 elementor-top-column elementor-element elementor-element-01b57b4\" data-id=\"01b57b4\" data-element_type=\"column\">\n\t\t\t<div class=\"elementor-column-wrap elementor-element-populated\">\n\t\t\t\t\t\t\t<div class=\"elementor-widget-wrap\">\n\t\t\t\t\t\t<div class=\"elementor-element elementor-element-2edd1a7e elementor-widget elementor-widget-image\" data-id=\"2edd1a7e\" data-element_type=\"widget\" data-widget_type=\"image.default\">\n\t\t\t\t<div class=\"elementor-widget-container\">\n\t\t\t\t\t<div class=\"elementor-image\">\n\t\t\t\t\t\t\t\t\t\t<img width=\"293\" height=\"442\" src=\"https:\/\/www.puertas-cofre.cl\/wp-content\/uploads\/2020\/11\/puerta.png\" class=\"attachment-full size-full\" alt=\"Puerta\" loading=\"lazy\" srcset=\"https:\/\/www.puertas-cofre.cl\/wp-content\/uploads\/2020\/11\/puerta.png 293w, https:\/\/www.puertas-cofre.cl\/wp-content\/uploads\/2020\/11\/puerta-199x300.png 199w\" sizes=\"(max-width: 293px) 100vw, 293px\" \/>\t\t\t\t\t\t\t\t\t\t\t<\/div>\n\t\t\t\t<\/div>\n\t\t\t\t<\/div>\n\t\t\t\t\t\t<\/div>\n\t\t\t\t\t<\/div>\n\t\t<\/div>\n\t\t\t\t\t\t\t\t<\/div>\n\t\t\t\t\t<\/div>\n\t\t<\/section>\n\t\t\t\t\t\t<\/div>\n\t\t\t\t\t\t<\/div>\n\t\t\t\t\t<\/div>\n\t\t","protected":false},"excerpt":{"rendered":"<p>Qui\u00e9nes Somos PUERTAS COFRE\u00a0es una empresa familiar que naci\u00f3 hace tres generaciones produciendo puertas y ventanas de madera con dise\u00f1os y m\u00e9todos productivos que han ido variando en el tiempo, pero manteniendo los conceptos de calidad del trabajo, cumplimiento de los plazos, atenci\u00f3n personalizada a nuestros clientes y servicio de post-venta.\u00a0 Sabemos que las puertas [&hellip;]<\/p>\n","protected":false},"author":1,"featured_media":0,"parent":0,"menu_order":0,"comment_status":"closed","ping_status":"closed","template":"","meta":[],"_links":{"self":[{"href":"https:\/\/www.puertas-cofre.cl\/index.php?rest_route=\/wp\/v2\/pages\/29"}],"collection":[{"href":"https:\/\/www.puertas-cofre.cl\/index.php?rest_route=\/wp\/v2\/pages"}],"about":[{"href":"https:\/\/www.puertas-cofre.cl\/index.php?rest_route=\/wp\/v2\/types\/page"}],"author":[{"embeddable":true,"href":"https:\/\/www.puertas-cofre.cl\/index.php?rest_route=\/wp\/v2\/users\/1"}],"replies":[{"embeddable":true,"href":"https:\/\/www.puertas-cofre.cl\/index.php?rest_route=%2Fwp%2Fv2%2Fcomments&post=29"}],"version-history":[{"count":19,"href":"https:\/\/www.puertas-cofre.cl\/index.php?rest_route=\/wp\/v2\/pages\/29\/revisions"}],"predecessor-version":[{"id":576,"href":"https:\/\/www.puertas-cofre.cl\/index.php?rest_route=\/wp\/v2\/pages\/29\/revisions\/576"}],"wp:attachment":[{"href":"https:\/\/www.puertas-cofre.cl\/index.php?rest_route=%2Fwp%2Fv2%2Fmedia&parent=29"}],"curies":[{"name":"wp","href":"https:\/\/api.w.org\/{rel}","templated":true}]}}